{"id":33,"date":"2022-02-11T00:57:45","date_gmt":"2022-02-10T23:57:45","guid":{"rendered":"https:\/\/lesbainsguerbois.com\/?post_type=product&#038;p=33"},"modified":"2026-04-24T16:34:39","modified_gmt":"2026-04-24T14:34:39","slug":"eau-de-cologne","status":"publish","type":"product","link":"https:\/\/lesbainsguerbois.com\/es\/produit\/eau-de-cologne\/","title":{"rendered":"EAU DE COLOGNE"},"content":{"rendered":"<p>Par\u00eds, nada desaparece, todo puede renacer. 2015, Les Bains resucitan, una vez m\u00e1s. Todo vuelve a ser posible en la Maison Guerbois, bajo las c\u00fapulas y las c\u00fapulas de laca profunda, en un sutil remolino de cardamomo, papiro e incienso. El Spa, el club, el hotel. Bailar, pasar el rato, so\u00f1ar, sudar, beber, ver, oler, seducir, dormitar. Ayer, anteayer, hoy. LES BAINS. 1885, 1978, 2015.<\/p>","protected":false},"excerpt":{"rendered":"<p>Una alianza subversiva. Con jengibre y cardamomo en la salida para unas notas especiadas y sensuales, el agua de colonia Les Bains Guerbois se abre con un coraz\u00f3n amaderado de pachul\u00ed y cedro, combinado con papiro m\u00edstico, antes de alzar el vuelo hacia la frivolidad del almizcle, mezclado con \u00e1mbar y la sacralidad del incienso. Contradictorio hasta la impertinencia, este desenfreno olfativo de Michel Almairac es una invitaci\u00f3n al despertar.<\/p>\n<p>Perfumista: Michel Almairac<\/p>\n<p>Notas de salida: Jengibre, Cardamomo<br \/>\nNotas de coraz\u00f3n: Pachul\u00ed, Cedro, Papiro<br \/>\nNotas de fondo: incienso, almizcle, \u00e1mbar<\/p>","protected":false},"featured_media":245610,"comment_status":"open","ping_status":"closed","template":"","meta":{"_acf_changed":false,"_et_pb_use_builder":"","_et_pb_old_content":"","_et_gb_content_width":""},"product_brand":[],"product_cat":[210],"product_tag":[108,96,30,33,101,102],"class_list":{"0":"post-33","1":"product","2":"type-product","3":"status-publish","4":"has-post-thumbnail","6":"product_cat-eau-de-cologne","7":"product_tag-cologne","8":"product_tag-guerbois-baths","9":"product_tag-la-boutique-les-bains","10":"product_tag-les-bains-paris","11":"product_tag-shower-baths","12":"product_tag-the-baths","14":"first","15":"instock","16":"taxable","17":"shipping-taxable","18":"purchasable","19":"product-type-simple"},"bundled_by":[],"bundle_stock_status":"instock","bundle_stock_quantity":77,"bundle_virtual":false,"bundle_layout":"","bundle_add_to_cart_form_location":"","bundle_editable_in_cart":false,"bundle_sold_individually_context":"","bundle_item_grouping":"","bundle_min_size":"","bundle_max_size":"","bundle_price":[],"bundled_items":[],"bundle_sell_ids":[],"acf":[],"_links":{"self":[{"href":"https:\/\/lesbainsguerbois.com\/es\/wp-json\/wp\/v2\/product\/33","targetHints":{"allow":["GET"]}}],"collection":[{"href":"https:\/\/lesbainsguerbois.com\/es\/wp-json\/wp\/v2\/product"}],"about":[{"href":"https:\/\/lesbainsguerbois.com\/es\/wp-json\/wp\/v2\/types\/product"}],"replies":[{"embeddable":true,"href":"https:\/\/lesbainsguerbois.com\/es\/wp-json\/wp\/v2\/comments?post=33"}],"wp:featuredmedia":[{"embeddable":true,"href":"https:\/\/lesbainsguerbois.com\/es\/wp-json\/wp\/v2\/media\/245610"}],"wp:attachment":[{"href":"https:\/\/lesbainsguerbois.com\/es\/wp-json\/wp\/v2\/media?parent=33"}],"wp:term":[{"taxonomy":"product_brand","embeddable":true,"href":"https:\/\/lesbainsguerbois.com\/es\/wp-json\/wp\/v2\/product_brand?post=33"},{"taxonomy":"product_cat","embeddable":true,"href":"https:\/\/lesbainsguerbois.com\/es\/wp-json\/wp\/v2\/product_cat?post=33"},{"taxonomy":"product_tag","embeddable":true,"href":"https:\/\/lesbainsguerbois.com\/es\/wp-json\/wp\/v2\/product_tag?post=33"}],"curies":[{"name":"wp","href":"https:\/\/api.w.org\/{rel}","templated":true}]}}

<p>París, nada desaparece, todo puede renacer. 2015, Les Bains resucitan, una vez más. Todo vuelve a ser posible en la Maison Guerbois, bajo las cúpulas y las cúpulas de laca profunda, en un sutil remolino de cardamomo, papiro e incienso. El Spa, el club, el hotel. Bailar, pasar el rato, soñar, sudar, beber, ver, oler, seducir, dormitar. Ayer, anteayer, hoy. LES BAINS. 1885, 1978, 2015.</p>

<p>Una alianza subversiva. Con jengibre y cardamomo en la salida para unas notas especiadas y sensuales, el agua de colonia Les Bains Guerbois se abre con un corazón amaderado de pachulí y cedro, combinado con papiro místico, antes de alzar el vuelo hacia la frivolidad del almizcle, mezclado con ámbar y la sacralidad del incienso. Contradictorio hasta la impertinencia, este desenfreno olfativo de Michel Almairac es una invitación al despertar.</p>
<p>Perfumista: Michel Almairac</p>
<p>Notas de salida: Jengibre, Cardamomo<br />
Notas de corazón: Pachulí, Cedro, Papiro<br />
Notas de fondo: incienso, almizcle, ámbar</p>
